r when 2953 is divided by 2255?
698
Calculate the remainder when 92 is divided by 1.
0
What is the remainder when 398650 is divided by 398627?
23
What is the remainder when 634788 is divided by 65?
63
What is the remainder when 23240 is divided by 27?
20
Calculate the remainder when 1158744 is divided by 50.
44
Calculate the remainder when 886297 is divided by 118.
117
Calculate the remainder when 1509 is divided by 20.
9
What is the remainder when 414181 is divided by 34?
27
What is the remainder when 1189153 is divided by 41?
30
What is the remainder when 11676 is divided by 5503?
670
What is the remainder when 46704 is divided by 250?
204
What is the remainder when 202556 is divided by 133?
130
What is the remainder when 12212 is divided by 3049?
16
Calculate the remainder when 2477 is divided by 11.
2
Calculate the remainder when 765 is divided by 45.
0
What is the remainder when 8199 is divided by 1348?
111
What is the remainder when 6319 is divided by 6293?
26
What is the remainder when 15877 is divided by 1582?
57
Calculate the remainder when 3271 is divided by 329.
310
What is the remainder when 67754 is divided by 67749?
5
Calculate the remainder when 5183 is divided by 257.
43
What is the remainder when 36958 is divided by 20?
18
What is the remainder when 1994 is divided by 153?
5
What is the remainder when 1060 is divided by 236?
116
What is the remainder when 2865 is divided by 762?
579
What is the remainder when 5225 is divided by 119?
108
What is the remainder when 63209 is divided by 15801?
5
Calculate the remainder when 213242 is divided by 99.
95
What is the remainder when 199816 is divided by 478?
12
What is the remainder when 906374 is divided by 906365?
9
What is the remainder when 2261 is divided by 450?
11
Calculate the remainder when 11576 is divided by 3858.
2
Calculate the remainder when 10562 is divided by 462.
398
What is the remainder when 375923 is divided by 548?
543
What is the remainder when 117587 is divided by 282?
275
Calculate the remainder when 234056 is divided by 1232.
1208
Calculate the remainder when 17777 is divided by 35.
32
What is the remainder when 2490 is divided by 344?
82
What is the remainder when 20883 is divided by 177?
174
Calculate the remainder when 86115 is divided by 1871.
49
Calculate the remainder when 11032 is divided by 204.
16
Calculate the remainder when 2619 is divided by 73.
64
Calculate the remainder when 6930 is divided by 136.
130
What is the remainder when 5435 is divided by 210?
185
What is the remainder when 37838 is divided by 17?
13
Calculate the remainder when 18379 is divided by 76.
63
Calculate the remainder when 588717 is divided by 132.
129
Calculate the remainder when 2264 is divided by 122.
68
Calculate the remainder when 173878 is divided by 92.
90
What is the remainder when 16837 is divided by 17?
7
Calculate the remainder when 3553 is divided by 593.
588
Calculate the remainder when 1072 is divided by 639.
433
Calculate the remainder when 5014 is divided by 1213.
162
What is the remainder when 53134 is divided by 656?
654
Calculate the remainder when 1423 is divided by 38.
17
Calculate the remainder when 84131 is divided by 139.
36
Calculate the remainder when 1210 is divided by 76.
70
What is the remainder when 4724 is divided by 40?
4
Calculate the remainder when 4454547 is divided by 225.
222
What is the remainder when 1766 is divided by 1515?
251
Calculate the remainder when 125815 is divided by 976.
887
Calculate the remainder when 46233 is divided by 171.
63
What is the remainder when 23552 is divided by 435?
62
What is the remainder when 2395 is divided by 1030?
335
Calculate the remainder when 5319 is divided by 321.
183
What is the remainder when 2210 is divided by 19?
6
What is the remainder when 229063 is divided by 55?
43
What is the remainder when 53451 is divided by 453?
450
What is the remainder when 35784 is divided by 5110?
14
Calculate the remainder when 2135 is divided by 192.
23
Calculate the remainder when 2878369 is divided by 110.
109
What is the remainder when 108078 is divided by 237?
6
What is the remainder when 109442 is divided by 35?
32
What is the remainder when 2843 is divided by 48?
11
What is the remainder when 8317 is divided by 923?
10
What is the remainder when 1445 is divided by 1414?
31
Calculate the remainder when 75005 is divided by 2206.
1
What is the remainder when 376165 is divided by 883?
7
What is the remainder when 69773 is divided by 204?
5
What is the remainder when 16386 is divided by 1805?
141
What is the remainder when 73164 is divided by 272?
268
Calculate the remainder when 103131 is divided by 16.
11
What is the remainder when 94450 is divided by 17?
15
Calculate the remainder when 18341 is divided by 96.
5
Calculate the remainder when 72374 is divided by 18090.
14
What is the remainder when 5213 is divided by 1687?
152
Calculate the remainder when 63332 is divided by 41.
28
Calculate the remainder when 1308 is divided by 43.
18
Calculate the remainder when 3963 is divided by 83.
62
What is the remainder when 15992 is divided by 1229?
15
What is the remainder when 441865 is divided by 602?
599
What is the remainder when 14889 is divided by 28?
21
What is the remainder when 69099 is divided by 6909?
9
What is the remainder when 17448 is divided by 3435?
273
Calculate the remainder when 14310 is divided by 568.
110
What is the remainder when 8524 is divided by 120?
4
What is the remainder when 6369 is divided by 1024?
225
What is the remainder when 476577 is divided by 262?
261
What is the remainder when 47017 is divided by 11754?
1
Calculate the remainder when 66787 is divided by 543.
541
Calculate the remainder when 112989 is divided by 18830.
9
Calculate the remainder when 4404 is divided by 48.
36
What is the remainder when 27902 is divided by 297?
281
Calculate the remainder when 2291 is divided by 146.
101
What is the remainder when 1851677 is divided by 6?
5
Calculate the remainder when 378625 is divided by 919.
916
Calculate the remainder when 18971 is divided by 18936.
35
Calculate the remainder when 6129237 is divided by 20.
17
What is the remainder when 559089 is divided by 45?
9
Calculate the remainder when 38612 is divided by 1542.
62
Calculate the remainder when 411983 is divided by 35.
33
Calculate the remainder when 34608 is divided by 4321.
40
What is the remainder when 23856 is divided by 3971?
30
What is the remainder when 384555 is divided by 508?
507
What is the remainder when 1081813 is divided by 16?
5
What is the remainder when 23339315 is divided by 319?
318
What is the remainder when 5736 is divided by 47?
2
Calculate the remainder when 68478 is divided by 428.
426
What is the remainder when 24894 is divided by 150?
144
What is the remainder when 1730 is divided by 241?
43
What is the remainder when 6724 is divided by 2220?
64
Calculate the remainder when 1294 is divided by 15.
4
What is the remainder when 7156 is divided by 642?
94
What is the remainder when 2691 is divided by 89?
21
Calculate the remainder when 5730 is divided by 2767.
196
Calculate the remainder when 571319 is divided by 230.
229
Calculate the remainder when 893 is divided by 382.
129
Calculate the remainder when 678 is divided by 59.
29
Calculate the remainder when 13141 is divided by 212.
209
Calculate the remainder when 106829 is divided by 35585.
74
Calculate the remainder when 2789 is divided by 147.
143
What is the remainder when 6297 is divided by 35?
32
Calculate the remainder when 69745 is divided by 190.
15
Calculate the remainder when 26535 is divided by 252.
75
Calculate the remainder when 9382 is divided by 171.
148
What is the remainder when 32177 is divided by 10724?
5
What is the remainder when 251 is divided by 35?
6
What is the remainder when 62194 is divided by 317?
62
What is the remainder when 2570 is divided by 830?
80
Calculate the remainder when 405952 is divided by 135315.
7
Calculate the remainder when 617 is divided by 174.
95
What is the remainder when 37014 is divided by 12307?
93
What is the remainder when 6151 is divided by 38?
33
What is the remainder when 146077 is divided by 753?
748
Calculate the remainder when 193 is divided by 79.
35
Calculate the remainder when 4910 is div